{"id":7,"date":"2025-07-07T22:23:33","date_gmt":"2025-07-07T22:23:33","guid":{"rendered":"https:\/\/transportesteh.cl\/index.php\/about\/"},"modified":"2025-07-08T00:44:16","modified_gmt":"2025-07-08T00:44:16","slug":"about","status":"publish","type":"page","link":"https:\/\/transportesteh.cl\/index.php\/about\/","title":{"rendered":"Misi\u00f3n y Visi\u00f3n"},"content":{"rendered":"\t\t<div data-elementor-type=\"wp-page\" data-elementor-id=\"7\" class=\"elementor elementor-7\">\n\t\t\t\t<div class=\"elementor-element elementor-element-3590226a e-flex e-con-boxed e-con e-parent\" data-id=\"3590226a\" data-element_type=\"container\">\n\t\t\t\t\t<div class=\"e-con-inner\">\n\t\t\t\t<div class=\"elementor-element elementor-element-65855db8 elementor-widget elementor-widget-text-editor\" data-id=\"65855db8\" data-element_type=\"widget\" data-widget_type=\"text-editor.default\">\n\t\t\t\t\t\t\t\t\t\n<p style=\"text-align: center;\">Empresa de transportes Troncoso e hijos<\/p>\n\n<p style=\"text-align: center;\">\u00a0<strong>Visi\u00f3n<\/strong><\/p>\n\n<p style=\"text-align: center;\">Ser l\u00edderes en empresa de transportes brindando un servicio eficiente de calidad con responsabilidad social, reconociendo nuestro equipo de trabajo el cual cumple de manera comprometida con las operaciones a realizar captando clientes con excelencia nuestra empresa es la mejor opci\u00f3n no solo porque es comprometida con sus clientes sino tambi\u00e9n el compromiso que tenemos con\u00a0 el equipo cooperativo quienes pertenecen a la empresa, tienen la oportunidad de aprender y crecer en ella brindamos confiabilidad , eficiencia y una atenci\u00f3n personalizada para cada cliente adapt\u00e1ndose de esta manera a la necesidad de cada uno tenemos nuestro lema es juntos como equipo logramos la meta.<\/p>\n\n<p style=\"text-align: center;\"><strong>Misi\u00f3n<\/strong><\/p>\n\n<p style=\"text-align: center;\">La asociaci\u00f3n de transportes troncosoehijos Somos una empresa que brinda un servicio de calidad, segura y eficiente en el \u00e1rea merchandising llevando a cabo la captaci\u00f3n de clientes de manera satisfactoria de esta manera aumentamos la rentabilidad de ventas a nivel nacional preocupados por la mejora continua procurando la relaci\u00f3n con respeto entre nuestro equipo de trabajo y los clientes buscamos ser reconocidos como una empresa de transportes comprometida y responsable funcionando de manera satisfactoria para nuestros clientes.<\/p>\n\t\t\t\t\t\t\t\t<\/div>\n\t\t\t\t\t<\/div>\n\t\t\t\t<\/div>\n\t\t\t\t<\/div>\n\t\t","protected":false},"excerpt":{"rendered":"<p>Empresa de transportes Troncoso e hijos \u00a0Visi\u00f3n Ser l\u00edderes en empresa de transportes brindando un servicio eficiente de calidad con responsabilidad social, reconociendo nuestro equipo de trabajo el cual cumple de manera comprometida con las operaciones a realizar captando clientes con excelencia nuestra empresa es la mejor opci\u00f3n no solo porque es comprometida con sus [&hellip;]<\/p>\n","protected":false},"author":1,"featured_media":0,"parent":0,"menu_order":0,"comment_status":"closed","ping_status":"closed","template":"","meta":{"footnotes":""},"class_list":["post-7","page","type-page","status-publish","hentry"],"_links":{"self":[{"href":"https:\/\/transportesteh.cl\/index.php\/wp-json\/wp\/v2\/pages\/7","targetHints":{"allow":["GET"]}}],"collection":[{"href":"https:\/\/transportesteh.cl\/index.php\/wp-json\/wp\/v2\/pages"}],"about":[{"href":"https:\/\/transportesteh.cl\/index.php\/wp-json\/wp\/v2\/types\/page"}],"author":[{"embeddable":true,"href":"https:\/\/transportesteh.cl\/index.php\/wp-json\/wp\/v2\/users\/1"}],"replies":[{"embeddable":true,"href":"https:\/\/transportesteh.cl\/index.php\/wp-json\/wp\/v2\/comments?post=7"}],"version-history":[{"count":4,"href":"https:\/\/transportesteh.cl\/index.php\/wp-json\/wp\/v2\/pages\/7\/revisions"}],"predecessor-version":[{"id":71,"href":"https:\/\/transportesteh.cl\/index.php\/wp-json\/wp\/v2\/pages\/7\/revisions\/71"}],"wp:attachment":[{"href":"https:\/\/transportesteh.cl\/index.php\/wp-json\/wp\/v2\/media?parent=7"}],"curies":[{"name":"wp","href":"https:\/\/api.w.org\/{rel}","templated":true}]}}